-p*x - 4*w + 48 = 0. What is the units digit of x?
2
Suppose -i - 4*j = -0*i - 71, 5*i + j - 412 = 0. Let r = i + -47. What is the tens digit of r?
3
Let l = -80 + 123. What is the units digit of l?
3
Let m(j) = -2*j**2 + 12*j - 11. Let v be m(9). What is the tens digit of 2/13 + (-2720)/v?
4
Suppose -3*f + 22 = -4*k, -2 = -3*k + 4. What is the units digit of f?
0
Let h = -2 + 7. What is the units digit of h?
5
Let o = 465 + -212. What is the units digit of o?
3
Let d be (11 - 1)*12/(-8). Let f = d + 32. Suppose 2*p + f = 3*p. What is the units digit of p?
7
What is the units digit of 3 - -6 - (-1 + 0)?
0
What is the tens digit of 3 + 11/((-11)/(-252)) + 3?
5
Suppose -6*a = -a - 4*p - 376, 74 = a - 2*p. What is the tens digit of a?
7
Suppose 0 = 4*a - 62 - 38. Let y = -13 + a. What is the units digit of y?
2
Suppose -5*i - 2 = -6*i. Let t = -2 - -4. Suppose -t*c + 12 = -i. What is the units digit of c?
7
Let f(r) = r**3 + 3*r**2 - r + 3. Let b be f(-3). Let x = b - 6. Suppose -3*s + 63 = -x*s. What is the units digit of s?
1
Let c = 2 - 26. What is the units digit of (-8)/c + (-5)/(-3)?
2
Let m(z) = z**3 - 12*z**2 - 13*z + 7. What is the units digit of m(13)?
7
Suppose -n - 1 = 4. Let k = -4 - n. What is the units digit of k?
1
Let l = 4 - 3. What is the units digit of (-49)/(-14) + l/(-2)?
3
Suppose -s - 2 = 0, -5*s - 7 = j - 0*s. Let a = -9 - -39. Suppose 5*c - a = -2*y, 4*c - 18 = c + j*y. What is the units digit of c?
6
Let v(u) be the first derivative of -6*u**2 - 3. What is the tens digit of v(-2)?
2
Suppose 0 = -3*d + 2*d + 69. Suppose 3*p - d = -4*z, 2*z - 22 = z + 4*p. What is the tens digit of z?
1
What is the units digit of (200/(-12))/((4/3)/(-2))?
5
Suppose 3*b - 26 = 76. What is the tens digit of b?
3
Let v be 3/9*(-1 - -19). Suppose 2*x + 10 = -2*i - x, 2*i + v = -x. Let r(w) = -w**3 + w**2 - 1. What is the tens digit of r(i)?
1
Suppose 2*f = -4*s + 101 + 25, f - 4*s - 69 = 0. What is the tens digit of f?
6
Let g(b) = b**3 + 5*b**2 - b - 4. Let l be g(-5). Suppose -l = -3*f + 8. Suppose -2 - f = -5*r. What is the units digit of r?
1
Suppose -16 = -3*o - o. Suppose -14 = -2*p + 2*v, o*p - 4*v + 62 = 9*p. What is the units digit of p?
0
Suppose -6*d + 279 = -3. What is the units digit of d?
7
Let h = 2 - -1. What is the tens digit of 206/10 + h/(-5)?
2
Let d = -1 - 4. Let c = d + 32. What is the units digit of c?
7
Suppose 0 = -v + 3*f + 1, -2*v = -f + 6*f - 46. What is the units digit of v?
3
Let m be (1 - 0) + (-1 - 0). Suppose 0 = -5*l + 24 + 1. Suppose -u - l*s + 65 = 3*u, m = -4*u + 3*s + 89. What is the units digit of u?
0
Let d(a) = -9*a**3 - a**2 + 1. Suppose 0 = 4*f - 9 - 7. Suppose 2*w + 6*l = 3*l + 13, f*w - 1 = -l. What is the units digit of d(w)?
9
Let u(j) = -43*j**2 + 5*j - 2 + 44*j**2 + 1. Let t be (-6)/(-21) + (-51)/7. What is the units digit of u(t)?
3
Let g(q) = -q - 15. Let o be g(-5). What is the units digit of (-18)/45 + (-54)/o?
5
Let l(t) = t + 7. Let n be l(6). Let h = n - 3. What is the units digit of h?
0
Let b be (-8)/(-5) + 4/10. Suppose -b*v + 9 = v. Suppose -30 = -v*i - 9. What is the units digit of i?
7
Let g = -25 + 72. What is the tens digit of g?
4
Suppose 949 = 3*p - 119. What is the tens digit of p?
5
Let a(w) = w + 8. What is the tens digit of a(6)?
1
Let z = -4 - -9. Suppose 2*w - 3*a - 29 = 0, 3*a - 21 = -z*w + 20. What is the units digit of w?
0
Let l = 11 + -8. Let t = l + 4. Suppose -b + 3*o + 4 - 1 = 0, o = b - t. What is the units digit of b?
9
Let x(q) = q**3 + 14*q**2 + 7*q + 9. What is the hundreds digit of x(-6)?
2
Suppose -2*o - 2*o = -116. Let s be o/5 - 4/(-20). Let z(w) = -w**3 + 6*w**2 + w + 2. What is the units digit of z(s)?
8
Let d be (-255)/(-9) + 4/6. Suppose -3*f = 2*f + 3*g - 43, -3*g = -4*f + d. What is the units digit of f?
8
Let m(h) = h**2 - 4*h**2 - 10*h + 8 + 4*h**2 + 2. What is the tens digit of m(11)?
2
Suppose 70 = -5*l + 360. What is the units digit of l?
8
Let b = 374 + -200. What is the hundreds digit of b?
1
Suppose -3*g - g = -20. Suppose -g*z = 4*w + 2, 2*z = 3*w + 2*w - 14. Suppose -o - m + 6 = -w*m, -3*m + 52 = 4*o. What is the units digit of o?
0
Let v(y) = 14*y**2 - 12*y + 26. Let d(t) = -5*t**2 + 4*t - 9. Let o(p) = 11*d(p) + 4*v(p). Suppose 2 = i - 3. What is the units digit of o(i)?
0
Suppose -m + 6 = -2*p, 2*p + p = -3*m. Suppose -q + 32 = 3*a - 14, -3*a + 41 = m*q. Suppose -20 = -4*w + o + a, 2*w - 5*o = 5. What is the units digit of w?
0
Suppose l - 2*l + 2*n + 23 = 0, 0 = 2*l + n - 36. What is the tens digit of l?
1
Let m(w) = -2*w - 9. Suppose 4*c + 8 = -16. What is the units digit of m(c)?
3
Suppose 0 = -p - 5*x + 24, -p - 3*x + 20 = x. Suppose -2*g + 10 = 4*q, -5*q - p = 3*g - 19. What is the units digit of g?
5
What is the units digit of (2/(-8))/((-6)/168)?
7
Let a(c) = 7*c**2 - c + 8. What is the tens digit of a(5)?
7
Let y(c) = -c**2 + 5 - 8 - 2 - 8*c. Suppose -2*s + 2 = 0, 5*j + 7 + 25 = 2*s. What is the units digit of y(j)?
7
Suppose 0*c - i - 17 = -2*c, 4*i = -c - 14. Let d be c/1 - 0 - 2. Suppose -a - d*a = -3*t - 90, -45 = -2*a + 3*t. What is the tens digit of a?
1
What is the tens digit of (-12)/(-66) - (-502)/22?
2
Suppose r = -r. Suppose 3*w + x = 19, r*w - 2*x - 34 = -3*w. What is the units digit of w?
8
Let o(l) be the first derivative of l**3/3 + 2*l**2 - 6*l - 3. Let x be o(-6). Suppose -2*b + 26 - x = 0. What is the units digit of b?
0
Let f be (-17)/4 - (-1)/4. What is the tens digit of 1/f - (-225)/20?
1
Let x = 9 - 7. Suppose -x*q + 52 = 2*q. What is the units digit of q?
3
Let v(g) = g + 3. Let p be v(-4). What is the units digit of (7 + -5)/(p - -3)?
1
What is the tens digit of 4/(-14) + 1245/21?
5
Let h = 34 - 13. Let z = 31 - h. What is the units digit of z?
0
Let v = -44 + 63. What is the units digit of (-12)/8*-2*v?
7
Let t(m) = -m**3 - m + 1. Let o be t(0). Suppose -4*j - 5 - 17 = -3*h, h = -j - 2. Let x = o - j. What is the units digit of x?
5
Let n(x) = -7*x - 8. What is the units digit of n(-11)?
9
Suppose 3*q - 2*w = 302, -5*q + 0*q + 500 = -4*w. What is the units digit of q?
4
Suppose -5*z + 2*s + 116 = 0, -3*z + 3*s + 64 = -s. What is the tens digit of z?
2
Suppose 4*j + 112 = 2*r, -2*j + 59 = r - j. What is the units digit of r?
8
Suppose 0 = -5*q - 3*f + 385, -2*q + 0*f + 155 = f. Let w be 2 - 3*1/(-1). Suppose 0 = -w*r + q + 10. What is the units digit of r?
8
Let a(i) = -i**2 - 13*i + 5. What is the tens digit of a(-11)?
2
Let a(x) = 6*x - 5. Suppose 4*v = 4*n + 2*v - 24, 6 = n + 5*v. What is the tens digit of a(n)?
3
Suppose -19 = -3*w - 2*c + c, 2*c + 12 = 4*w. Let k = -4 + w. What is the units digit of k?
1
Suppose 0 = 3*m + 3*b - 12, -4*m + m = -2*b + 8. Suppose 2*v + 4 = -m. What is the units digit of 1*-2*3/v?
3
Suppose 5*t - 772 = -3*k, 2*k - 2*t + 7*t = 508. What is the hundreds digit of k?
2
Let j = 7 - -13. What is the tens digit of j?
2
What is the tens digit of ((-152)/(-16))/(3/6 - 0)?
1
Suppose -12 = 2*v + v. What is the tens digit of 20*v*(-3)/10?
2
Suppose -i + 72 = -320. What is the tens digit of i?
9
Suppose -2*f - 4*u = -10 - 26, -f + 3*u = 7. Let q = -23 + f. Let n = 22 + q. What is the units digit of n?
7
Let k(c) = c**2 + 12*c - 8. Let g be k(-13). Suppose g*v + 0*v = 175. What is the tens digit of v?
3
Suppose -f + 5 + 1 = 0. Suppose -3*x - 60 = -f*x. What is the tens digit of x?
2
Let h(y) be the third derivative of y**6/36 - y**5/120 - 2*y**3/3 + 2*y**2. Let g(p) be the first derivative of h(p). What is the units digit of g(1)?
9
Let k(q) = 15*q**2 - 2*q + 1. Let h be (-2 - -3) + -4 - -3. Suppose h = 2*w + w + 3*s - 15, 0 = 2*w + s - 6. What is the tens digit of k(w)?
1
Let d be 0 + 1/2*0. Suppose a - 3*x = d, 4*a + 9*x - 17 = 4*x. Suppose -a*l + 21 = -0*l. What is the units digit of l?
7
Suppose -2*c - v + 2*v = -26, -52 = -4*c - 2*v. Let f be (0/(-1))/2 - -17. Suppose t = 3*k - 5*k + f, 2*k + 5*t = c. What is the units digit of k?
9
Let r(q) = 2*q. Let w be r(-1). What is the tens digit of (-513)/(-15) - w/(-10)?
3
Suppose 3*p - 4*l - 188 = 744, 2*p = 4*l + 616. What is the units digit of p?
6
Let b = 8 + -10. What is the units digit of 5/b*(-60)/25?
6
Let a = 13 + -7. Suppose -6 = -f - 2*h + a*h, -2*f + 5*h = -9. Suppose 4*s = 16, 0*d - f*d + 3*s = -4. What is the units dig